ivided by 20435870?
6
What is the remainder when 3534362 is divided by 22656?
26
What is the remainder when 29522 is divided by 8534?
3920
What is the remainder when 81674018 is divided by 7396?
7386
What is the remainder when 836810 is divided by 1711?
131
What is the remainder when 6443643 is divided by 1216?
59
What is the remainder when 1091596640 is divided by 222?
218
Calculate the remainder when 309138021 is divided by 1256.
1253
Calculate the remainder when 289835668 is divided by 6.
4
What is the remainder when 98442 is divided by 688?
58
Calculate the remainder when 6486386 is divided by 16095.
101
Calculate the remainder when 10876353 is divided by 639785.
8
What is the remainder when 45479344 is divided by 6936?
6928
Calculate the remainder when 120944 is divided by 5706.
1118
Calculate the remainder when 607287 is divided by 3608.
1143
What is the remainder when 1345082 is divided by 82?
36
Calculate the remainder when 3355771 is divided by 31955.
496
Calculate the remainder when 66679 is divided by 236.
127
Calculate the remainder when 36901411 is divided by 24984.
43
What is the remainder when 231884 is divided by 25495?
2429
Calculate the remainder when 11104598 is divided by 68.
62
Calculate the remainder when 83240676 is divided by 1046.
1042
What is the remainder when 19207 is divided by 1502?
1183
Calculate the remainder when 101043675 is divided by 1052538.
27
What is the remainder when 62497518 is divided by 16?
14
What is the remainder when 1197560 is divided by 590?
450
Calculate the remainder when 11269290 is divided by 436.
434
Calculate the remainder when 1450401 is divided by 765.
726
What is the remainder when 1274302 is divided by 3108?
22
Calculate the remainder when 432322 is divided by 187.
165
Calculate the remainder when 9618585 is divided by 335.
65
What is the remainder when 2248173 is divided by 749063?
984
What is the remainder when 1399405 is divided by 94?
27
Calculate the remainder when 877987 is divided by 58532.
7
What is the remainder when 2197932 is divided by 439468?
592
Calculate the remainder when 62449 is divided by 6208.
369
Calculate the remainder when 1047067 is divided by 47576.
395
What is the remainder when 18686855 is divided by 6228947?
14
What is the remainder when 1480983 is divided by 740487?
9
What is the remainder when 7467047 is divided by 3733518?
11
Calculate the remainder when 9415437 is divided by 3404.
3377
What is the remainder when 89409813 is divided by 438?
435
What is the remainder when 19730249 is divided by 10?
9
What is the remainder when 1740679 is divided by 266?
241
What is the remainder when 3184047 is divided by 185?
12
Calculate the remainder when 2315630 is divided by 42098.
240
What is the remainder when 345015 is divided by 1328?
1063
What is the remainder when 1728146 is divided by 3075?
3071
What is the remainder when 27827 is divided by 13874?
79
Calculate the remainder when 108462882 is divided by 1289.
1266
Calculate the remainder when 435030 is divided by 952.
918
Calculate the remainder when 473459 is divided by 138.
119
Calculate the remainder when 296107 is divided by 3086.
2937
Calculate the remainder when 76479017 is divided by 5082.
5081
What is the remainder when 2222567 is divided by 4961?
39
Calculate the remainder when 7566788 is divided by 106574.
34
Calculate the remainder when 3426312 is divided by 285524.
24
What is the remainder when 1524350 is divided by 14956?
13794
What is the remainder when 520941 is divided by 52087?
71
What is the remainder when 2518 is divided by 1855?
663
Calculate the remainder when 18254007 is divided by 15.
12
Calculate the remainder when 194212 is divided by 365.
32
Calculate the remainder when 10693754 is divided by 1222.
32
Calculate the remainder when 14765927 is divided by 1226.
1209
Calculate the remainder when 9728996 is divided by 4047.
8
What is the remainder when 2482693 is divided by 220?
213
What is the remainder when 605154 is divided by 147?
102
Calculate the remainder when 123581 is divided by 7239.
518
Calculate the remainder when 30880 is divided by 603.
127
Calculate the remainder when 266587 is divided by 133046.
495
What is the remainder when 115391 is divided by 1778?
1599
What is the remainder when 8198650 is divided by 19?
17
What is the remainder when 105624 is divided by 1006?
1000
What is the remainder when 1231544 is divided by 246249?
299
Calculate the remainder when 1407978 is divided by 469307.
57
What is the remainder when 7215447 is divided by 555033?
18
What is the remainder when 96923 is divided by 335?
108
Calculate the remainder when 6914288 is divided by 302.
300
What is the remainder when 677444 is divided by 135484?
24
Calculate the remainder when 695743 is divided by 3134.
3129
Calculate the remainder when 792548 is divided by 18.
8
Calculate the remainder when 445290 is divided by 1832.
114
What is the remainder when 1306035 is divided by 712?
227
What is the remainder when 358756468 is divided by 179378222?
24
Calculate the remainder when 11252203 is divided by 7.
4
Calculate the remainder when 191392360 is divided by 127171.
5
Calculate the remainder when 4739818 is divided by 526630.
148
Calculate the remainder when 235335 is divided by 554.
439
What is the remainder when 48619466 is divided by 115?
111
Calculate the remainder when 9525488 is divided by 7651.
7644
What is the remainder when 17287130 is divided by 5074?
12
What is the remainder when 979287 is divided by 224?
183
Calculate the remainder when 11196 is divided by 455.
276
What is the remainder when 19257 is divided by 278?
75
Calculate the remainder when 2888377 is divided by 1450.
1427
What is the remainder when 1712693166 is divided by 187?
184
What is the remainder when 530467 is divided by 6470?
6397
What is the remainder when 70197 is divided by 7742?
519
What is the remainder when 63446174 is divided by 834818?
6
Calculate the remainder when 20404020 is divided by 118628.
4
What is the remainder when 74883 is divided by 1774?
375
What is the remainder when 155007 is divided by 77479?
49
What is the remainder when 663315 is divided by 387?
384
Calculate the remainder when 3947 is divided by 1918.
111
What is the remainder when 1253937 is divided by 8893?
24
Calculate the remainder when 118731205 is divided by 5653866.
19
Calculate the remainder when 495088 is divided by 55.
33
Calculate the remainder when 55475625 is divided by 184.
177
What is the remainder when 79345 is divided by 27?
19
What is the remainder when 260918 is divided by 810?
98
Calculate the remainder when 228821 is divided by 228814.
7
What is the remainder when 52500305 is divided by 49?
39
Calculate the remainder when 2813171 is divided by 1406510.
151
Calculate the remainder when 1652513 is divided by 1652495.
18
What is the remainder when 75500816 is divided by 49?
48
Calculate the remainder when 1213656 is divided by 404548.
12
Calculate the remainder when 18929447 is divided by 50.
47
Calculate the remainder when 372944 is divided by 996.
440
Calculate the remainder when 291495 is divided by 784.
631
Calculate the remainder when 13157 is divided by 289.
152
What is the remainder when 42349819 is divided by 3475?
3469
Calculate the remainder when 6130822 is divided by 6130821.
1
Calculate the remainder when 92197 is divided by 285.
142
Calculate the remainder when 454806 is divided by 201.
144
What is the remainder when 1212059 is divided by 2131?
1651
What is the remainder when 233302 is divided by 2848?
2614
What is the remainder when 278080 is divided by 328?
264
Calculate the remainder when 122928 is divided by 122854.
74
Calculate the remainder when 1027387743 is divided by 27.
24
Calculate the remainder when 137887 is divided by 22909.
433
What is the remainder when 1442673 is divided by 63?
36
What is the remainder when 54209708 is divided by 18234?
26
What is the remainder when 4877148 is divided by 28?
24
What is the remainder when 15712330 is divided by 35?
25
What is the remainder when 22362 is divided by 3333?
2364
What is the remainder when 197741532 is divided by 65913836?
24
What is the remainder when 464176 is divided by 326?
278
Calculate the remainder when 1351384 is divided by 27.
7
Calculate the remaind